Let k be f(-17). List the prime factors of z(k).
61
Suppose -68*l = l + 62*l - 1169437. What are the prime factors of l?
79, 113
Let h = -208 - -204. Let q(v) = -132*v + 98. What are the prime factors of q(h)?
2, 313
Suppose 15 = -3*f + 84. Suppose 2*a = -f*a + 9725. List the prime factors of a.
389
Suppose 4*f = 5*q - 134595, q - 251*f + 254*f - 26900 = 0. List the prime factors of q.
5, 7, 769
Suppose -v = 2*i - 11, -6*i - 4*v - 16 = -10*i. Suppose -i*j = -2645 - 1555. What are the prime factors of j?
2, 3, 5, 7
Let s(m) = 40*m**2 - 2*m - 30. List the prime factors of s(15).
2, 3, 5, 149
Let j be (5*2)/(0 + 0 + 2). Suppose r + 26 - 31 = 0. Suppose -r*d = 4*y - 67, -j*y - 11 = -2*d + 29. List the prime factors of d.
3, 5
Let d = 0 + 3. Suppose -247 = -a + 5*k, -791 = 7*a - 10*a + 5*k. Suppose 0 = -d*y + 88 + a. What are the prime factors of y?
2, 3, 5
List the prime factors of (-33842)/(((-1)/3)/((-98)/(-294))).
2, 16921
Let v = -73 - 757. Let r = v + 1614. What are the prime factors of r?
2, 7
Suppose -204*n - 160854 = -221*n. What are the prime factors of n?
2, 3, 19, 83
Suppose 64384 = 5*w - 3*d, -60 = 4*d - 68. List the prime factors of w.
2, 47, 137
Let c = -76 - -81. Suppose c*i - 16 = -g - 4, 0 = 3*i - 5*g - 24. Suppose -5*b + 55 = i*m, 4*b - 7 = 2*m + 15. List the prime factors of b.
2
Let w = -1310 - -3359. What are the prime factors of w?
3, 683
Let g(r) = -r**2 + 17*r - 73. Let s be g(19). Let t = 154 + s. List the prime factors of t.
43
Let i(x) = 2*x**3 + 3*x**2 - 5. Let b be i(-3). Let k be (-121)/(-7) + 2/(-7). Let h = k - b. List the prime factors of h.
7
Let o be (4/(-6) + 24/90)*-10. Let d be -1 - (4 + (o - 7)). List the prime factors of (5 + 195/(-6))/(1/d).
5, 11
Suppose -401152 = -12*n - 5*w, 2*n - 5*w + 40404 = 107286. What are the prime factors of n?
101, 331
Let n = -1593 + 7284. What are the prime factors of n?
3, 7, 271
Let v(x) = -2*x**2 - 8*x - 4. Let g be v(-4). List the prime factors of g + -1 - -2 - -231.
2, 3, 19
Let g(k) = 2*k**2 + 27*k + 9728. List the prime factors of g(0).
2, 19
What are the prime factors of 131416/20 + (-55)/(-275)?
6571
Suppose -167*c - 186*c = -379*c + 23114. List the prime factors of c.
7, 127
Let d(x) = x**2 + 15*x - 67. Let j be d(-19). Let q(c) = 30*c - 73. What are the prime factors of q(j)?
197
Let g(a) = 48*a - 17. Let s be g(1). Suppose -32352 = -o - s*o. List the prime factors of o.
3, 337
Suppose -438*a = -418*a - 238540. List the prime factors of a.
11927
Suppose -3*t - c - 860 = 2589, t - 2*c + 1138 = 0. Let p = 1785 + t. List the prime factors of p.
7, 13
Suppose 9*j = 11*j - 6. Suppose -j*g - 2*w - 630 = -7*g, 5*w - 15 = 0. What are the prime factors of g?
3, 53
Suppose 10 = 3*i - 5*m, -2*i + 10 = -3*m + 3. What are the prime factors of 381 - (36/(-8) + i)*8?
13, 29
Let o = -9112 - -21722. List the prime factors of o.
2, 5, 13, 97
Let i(l) = 498*l**2 - 71*l + 362. What are the prime factors of i(5)?
12457
Suppose -96*d + 92*d + 2*g + 60150 = 0, -3*d - 2*g = -45102. What are the prime factors of d?
2, 3, 7, 179
Suppose 5*d - 6997 + 1954 - 20127 = 0. List the prime factors of d.
2, 3, 839
Let j(w) = 6*w - 22. Suppose 63*g + 65 = 68*g. Suppose 5 - g = -h. List the prime factors of j(h).
2, 13
Suppose 15*j = 7*j + 80. Suppose -j*v + 1446 = -1684. What are the prime factors of v?
313
Suppose -533305 = 40*c - 2712865. List the prime factors of c.
3, 41, 443
Suppose o - 2*a - 3581 = 0, -215*o = -216*o - 4*a + 3569. What are the prime factors of o?
7, 73
Suppose 31 = -2*o + 49. Suppose -o*c = -8*c - 94. What are the prime factors of c?
2, 47
Let l be ((-1)/3)/(9/5373). Let m = 111 + l. Let a = m + 159. What are the prime factors of a?
71
Let a = -97299 + 159987. What are the prime factors of a?
2, 3, 653
Suppose -d - 3*g + 626 = 0, 375 = d - 4*g - 265. Let f = 990 - d. What are the prime factors of f?
2, 179
Let p(m) = 83*m**2 - 17*m + 40. Let w be p(19). List the prime factors of (w/12)/4 - (-4)/6.
619
List the prime factors of (-29)/(-87) - -31*71460/27.
3, 7, 3907
What are the prime factors of (20 - 0)*(-9896 - 23)/(-13)?
2, 5, 7, 109
Let k = -12619 + 19841. List the prime factors of k.
2, 23, 157
Let y(p) = 5*p - 16. Let u be y(4). What are the prime factors of u/(-6) + 570/45?
2, 3
Suppose 2*k = -5 + 5. Suppose k = u + j - 42, -3*j = 7 + 8. List the prime factors of 5 + u + (-15)/(-5).
5, 11
Suppose -111*z + 78*z - 132 = 0. List the prime factors of 1790 - 13/(26/z).
2, 7
Let i = -480 + 490. Suppose -i*m + 37296 = 14*m. What are the prime factors of m?
2, 3, 7, 37
Let d = 1478 + -1038. What are the prime factors of d?
2, 5, 11
Let h(d) = -5*d + 28. Let s be h(16). Let j = -14 - s. What are the prime factors of (j/(-5))/((-3)/15)?
2, 19
Let c be ((-30)/(-9))/5 - 579/(-9). Suppose 2*p + c - 401 = 0. List the prime factors of p.
2, 3, 7
Suppose 10*a - 68596 = 106154. List the prime factors of a.
3, 5, 233
Suppose v + 3*u - 13 = 0, -3*v - 2*v + 48 = -2*u. Suppose -21 - v = -s - 5*a, 2*s - 5*a = 2. Suppose -6*h = -s*h + 825. What are the prime factors of h?
3, 5, 11
Let p be 1*(272958/12 + 1/(-2)). Suppose p = -28*c + 45*c. What are the prime factors of c?
2, 3, 223
Let n be ((-14)/(-56))/((-2)/(-48)). Suppose n*k - 2*k = 1172. What are the prime factors of k?
293
Let c = 447 + -443. Let h(k) = 33*k**2 + 14*k - 29. List the prime factors of h(c).
3, 5, 37
Suppose 28*l - 34682 = 200266. Suppose 5*t + 346 = l. What are the prime factors of t?
1609
What are the prime factors of 2*(13/(-26) - -1) + 18059*1?
2, 3, 5, 7, 43
What are the prime factors of (-1 + (-40)/(-16))/(-9*(-1)/6618)?
1103
Let l be (9/3*-1)/(3/(-854)). List the prime factors of (l/(-4))/(((-81)/18)/9).
7, 61
Let p(a) = 3*a + 16. Let c be (-10)/(-45)*-3*-6. Let h be p(c). Suppose -104 = -4*v + h. List the prime factors of v.
3, 11
Let y = -169 - -236. Suppose -y = -3*t - 202. Let j = t - -61. What are the prime factors of j?
2
Suppose -68*i + 211*i = 366810 + 352051. List the prime factors of i.
11, 457
Let c be -4 + 1920/(2 + -6). Let r = 874 + c. Suppose 558 = 6*x - r. What are the prime factors of x?
2, 79
Let s = 609 - 611. List the prime factors of 656 - 3/s*(-7 - -11).
2, 331
Let l be ((-840)/154 - -6)/((-3)/(-22)). Let b(n) be the second derivative of -n**3/3 + 41*n**2/2 - n. What are the prime factors of b(l)?
3, 11
Suppose 12 = 3*u + 294. Let z = u - -501. Let s = z + -224. What are the prime factors of s?
3, 61
Let k be 0 - (4/(-4) + -8). Suppose 4*n = -3*r + 368, 3*r - n = -0*r + 388. Let g = r + k. What are the prime factors of g?
137
Let x(h) be the third derivative of 11*h**4/12 - 11*h**3/6 + 8*h**2. Let l(a) = -22*a + 12. Let g(s) = -3*l(s) - 4*x(s). List the prime factors of g(-3).
2, 37
What are the prime factors of (-481990)/(-24) + 79/948?
7, 19, 151
Suppose 0 = -3*q - s + 27, 0 = -q - 3*s + 8 + 1. Let x(m) = 64*m - 49. What are the prime factors of x(q)?
17, 31
Suppose -10099 + 553 = -3*v. Suppose -11*l - v + 10728 = 0. List the prime factors of l.
2, 7
What are the prime factors of 239/(1269/11790 + 7/(-70))?
131, 239
Let j be -10*(-8)/16 - 277. Let a = 132 - j. What are the prime factors of a?
2, 101
Let i(j) = 15*j - 35. Let h(z) = 4*z - 9. Let l(w) = -22*h(w) + 6*i(w). Let r be l(7). Suppose r*t + 15 - 77 = 0. What are the prime factors of t?
31
Suppose d = -0*d + 85. Let j = d + -83. Suppose 0*w - 572 = -2*w + v, j*w - 3*v - 576 = 0. What are the prime factors of w?
3, 5, 19
Suppose 5*j = -z + 4, 3*z - z + 2*j - 24 = 0. Suppose -51*v + z = -53*v. List the prime factors of -3 + -1 + (115 - v).
2, 59
Let s be 49 + -5*12/(-20). Let n = s + 355. What are the prime factors of n?
11, 37
Let z = -54985 + 103563. What are the prime factors of z?
2, 107, 227
Suppose m - 113*t + 115*t = 8305, -5*m - t = -41480. What are the prime factors of m?
3, 5, 7, 79
Let j(c) = -9*c - 21. Let x(i) = i**3 + i**2 + 3*i + 2. Let u be x(0). Suppose -k - 24 = u*k. What are the prime factors of j(k)?
3, 17
Let a = -51 - -50. Suppose 0 = i - 2*r - 22, 2*r + 73 = 3*i + 7. What are the prime factors of 177 + 11/i + a/(-2)?
2, 89
Let i(q) = 110*q**2 - 584*q + 17. List the prime factors of i(31).
87623
Let i be (-3)/(36/(-32))*(-33)/(-2). Let l = i - 39. Suppose -2*o - j + 169 = 4*j, 0 = l*j + 15. List the prime factors o